48 = -4*x - 20*x. Suppose -6767 = -2*k + x*m + 19461, 0 = 4*k + 4*m - 52480. Is k a composite number?
True
Suppose 3*a + t = 7, -4*t + 20 - 5 = -a. Is -1 + 2206/a - 116/58 prime?
True
Let f(l) = l**2 + 20*l + 51. Let r be f(-17). Suppose 3*j = 3*x - 2679, r = 5*x + j - 3070 - 1371. Is x a prime number?
False
Suppose 2*p - w - 9 = -5, 4*w + 16 = p. Is (-352)/44 + 8895 + p composite?
False
Let t(w) = 8439*w**2 - 5*w + 9. Is t(-4) a composite number?
True
Let k(b) = 817*b + 53. Let j(p) = p - 4. Let s(f) = -j(f) - k(f). Is s(-4) a prime number?
False
Let y = 253487 + -110716. Is y a prime number?
True
Let c = 16 - 54. Let m = -35 - c. Suppose 5*n = -7 + 2, -m*n - 214 = -t. Is t a composite number?
False
Suppose -2*l - 232607 = 91165. Is l/9*27/(-18) prime?
True
Suppose -34*p = -30*p - 280152. Suppose -13*q + 47339 = -p. Is q a composite number?
False
Suppose -135160 = -4*c + 4*u, 3*c + 5*u = 64437 + 36917. Suppose -5*f = -c + 4503. Is f a prime number?
True
Let m(o) be the third derivative of o**2 + 0*o - 11/6*o**3 + 0 + 2/15*o**5 + 1/12*o**4. Is m(7) a prime number?
False
Suppose -j = -3*j. Suppose -3*s + 22 - 1 = j. Let d(b) = 93*b - 4. Is d(s) prime?
True
Suppose 13*q = 32*q + 2907. Is q/255*(-18185)/3 composite?
False
Let c = -113 + 113. Let q be (c + 3 - -1745) + 6/(-2). Suppose 5*f - 7230 = q. Is f prime?
False
Let y(b) = 2019*b**2 + b + 59. Let j be 2/(2 + (-35)/15). Is y(j) prime?
False
Let x = -61 - -46. Let o be 36/x*(-60)/(-18). Is -701*(9/15 - o/(-5)) composite?
False
Suppose 0 = -3*g - 3*b + 9, 5*b = 2*g + b. Suppose g*k = -8*k + 311590. Is k a prime number?
True
Suppose -7886741 = -394*p + 363*p. Is p prime?
False
Suppose -11*l - 40518 = -17*l. Suppose -s - 2*h + 1797 = 0, 0 = 5*s + 3*h - l - 2239. Is s a composite number?
True
Suppose -9*a + 214364 + 110005 = 0. Is a a prime number?
False
Let i = -62 + -28. Is ((-9)/i*85)/(2/4244) composite?
True
Let w(c) be the third derivative of 31*c**6/60 + c**5/10 - c**4/3 + 5*c**3/6 - 29*c**2. Let s be 6/((-21)/(-6) - 2). Is w(s) prime?
False
Let j(z) = z**3 + 179*z**2 + 383*z + 176. Is j(-65) a composite number?
True
Suppose 3647 = -3*q - 4*i + 14886, 0 = -2*i + 8. Suppose q + 6012 = 3*x. Is x prime?
True
Let u = 619626 + -381035. Is u a prime number?
True
Let p(o) = 1660*o**2 - 3*o. Suppose -3*n + 4*a = -8 - 33, 2*n + 5*a = 35. Let r be n/9 - 8/12. Is p(r) prime?
True
Suppose -5470 - 7210 = -3*i - 4*g, -i = -2*g - 4210. Suppose 5*q = 5*d + i, -1871 + 188 = -2*q - 3*d. Is q a prime number?
False
Suppose 3*h = 2*y + 91295, 60868 = 2*h + 138*y - 140*y. Is h a prime number?
True
Let r(u) = 1273*u**2 - 169*u + 63. Is r(-19) a prime number?
True
Let x = -2113903 + 1207708. Is x/(-35) + 4/(-14) a composite number?
True
Suppose g - 2*g = 5*u - 30, 4*g = 4*u. Suppose -d + u*h = 391, -2 = 4*h - 10. Is (-2)/(-6)*(0 - d) a composite number?
False
Suppose -4*y = j + 16, 5*j - 7*j = -2*y - 18. Suppose 0 = j*p + 4*t - 1208, 4*p + 7*t = 5*t + 1202. Is p a composite number?
True
Suppose -3*i = 4*d + 15202, i + 1 = -1. Let y = d + 5985. Let u = -1219 + y. Is u composite?
False
Suppose -10*o + 9*o + 3*z = -4, -4*o = 5*z - 84. Is ((-2)/o)/(3/(-2136)) a composite number?
False
Suppose 191*b + 168654614 = 529*b + 43058884. Is b a prime number?
False
Suppose 4 + 32 = -36*l. Let z(p) = -4546*p**3 + 4*p**2 + 4*p + 1. Is z(l) prime?
True
Let x(s) = -s + 623. Suppose 2*h - 3*h = h. Suppose h = 4*n - n. Is x(n) composite?
True
Suppose -2*z - 9682 = -4*g, 7*z = 3*z - 4*g - 19304. Let q = z - -23466. Is q a composite number?
True
Let j(s) = s**2 + 16*s + 41. Let m be j(-16). Let c(d) = -d**3 + 49*d**2 + 78*d - 120. Is c(m) prime?
False
Let y = 662923 + -195822. Is y a prime number?
True
Let l(u) be the first derivative of 22*u**2 - 153*u + 23. Is l(29) a prime number?
True
Let t(s) = 157*s**3 + s - 1. Let v = -25 - -31. Suppose -7 = 5*l - 4*h, -3*l + 4*h - v - 3 = 0. Is t(l) a composite number?
False
Let c = -41 - -44. Suppose -3*n = -4*h - 2398, -4*n + 798 = -c*n - h. Suppose -q = v - n, 789 = q + 7*v - 5*v. Is q a composite number?
True
Suppose -112 = 2*b - u, -5*b + 5*u - 210 - 80 = 0. Let a be 5/1*(4 - b/(-15)). Suppose a*i = 500 + 322. Is i composite?
True
Is (53255934/72)/(90/120) a prime number?
False
Suppose 4*t + 5*f - 238181 = 0, -t - 137*f = -134*f - 59554. Is t composite?
False
Suppose -113*s + 500*s = 18208737. Is s a composite number?
False
Is 2/(1/(7 - 34590/(-12))) a composite number?
False
Let w(j) = -j**3 - 6*j**2 - 2*j + 36. Let y be w(-11). Suppose 0 = 5*k + 25, -3*t - k - y = -14299. Is t a composite number?
False
Let z = -36 + 33. Let x(q) = -949*q - 4. Is x(z) a composite number?
False
Let c be ((-12)/18)/(2/(-9)). Let u(h) = -13*h**2 + 4. Let w be u(c). Let i = w + 292. Is i composite?
False
Is (4 - (-25)/(-10))*(-23)/(552/(-1653872)) composite?
True
Is 84/112*(-309220)/(-15) prime?
True
Let s(g) = -2728*g + 557. Is s(-3) composite?
False
Is (-66221224)/(-44) + 5 - (-80)/440 a prime number?
True
Let c(j) = -11973*j - 1845. Is c(-16) a prime number?
False
Suppose -30*g + 33*g + 354 = 0. Let n = g - -158. Suppose -4*o - n + 564 = 0. Is o a composite number?
False
Suppose 4310 = -98*a + 100*a. Is 1*(32/(-16) - a*-1) a composite number?
False
Suppose 18*j = -9*j + 40230. Let a = 4421 - j. Is a a prime number?
False
Is 141261*((20 - 7) + -12) a prime number?
False
Let r = 224 + -210. Let m(w) = 43*w + 12. Is m(r) a prime number?
False
Let u = 60563 - 37474. Is u a prime number?
False
Let u = 3688 - 2789. Is u prime?
False
Let z be 8/12 - (-42)/18. Suppose 5*w - 519512 = -z*w. Is w a composite number?
True
Let t = -441 + 897. Suppose 2*o = t + 398. Let h = -293 + o. Is h composite?
True
Suppose y = -2*c + 38 - 9, -5*y - 4*c + 127 = 0. Suppose 0 = -y*f - f + 122088. Is f a composite number?
False
Let x(v) = -v**2 + 18*v - 13. Let a be x(10). Let i(f) = -a + 20 + 252*f + 4*f**2 - 253*f. Is i(15) composite?
True
Let f(g) = 1259*g**3 - g**2 - g + 1. Let i be f(1). Suppose -3*a - i + 4141 = 0. Let c = -438 + a. Is c a prime number?
True
Suppose -16*n = 16313 + 343. Let f = 1582 + n. Is f prime?
True
Let v = 31 + -14. Suppose 3*t - v = -23. Is (-3)/(t/2)*23597/21 a composite number?
False
Let m(s) = 3*s. Let h be m(6). Let x = h + -23. Is (x/(-1))/(8/632) a composite number?
True
Let c = 10 + -28. Let n be c/(-1)*1388/12. Let u = n + -1379. Is u prime?
False
Let s = 161 - -1071. Let m be 25/10*(2/(-10) + 1). Suppose -m*p + 4*p + 2*y = 618, -2*y = 4*p - s. Is p a prime number?
True
Let g(s) = s**2 + 16*s + 15. Let i be g(-15). Suppose -3*t = -0*t - h - 4966, 2*t - 3*h - 3299 = i. Is t composite?
False
Let f(l) = 2*l**3 + 14*l**2 - 2*l + 14. Let v be f(-7). Let u be 5 - (12/v - (-12)/(-28)). Suppose -5*j = -y + 789, j = -u*y - 3*j + 3829. Is y prime?
True
Let r be (7878 - -190) + (3 - -1)*-1. Let h = r - 1267. Is h prime?
False
Let r be (-2)/12 - (-283162)/132. Suppose -4*k = 3*h - 6*k - r, 0 = h + 2*k - 723. Is h prime?
False
Let j be (-4)/(-14) + (-120)/(-70). Suppose 3*q + 0*q - z = 281, -378 = -4*q + j*z. Suppose -2*g = 3*h - 1613, 5*g - 3*h - 3888 = q. Is g composite?
True
Suppose 276*y - 273*y + 2*p = 543251, 3*y + 3*p = 543255. Is y a composite number?
False
Suppose 3*h - 224 + 34 = 2*i, -2*i + 206 = 3*h. Suppose -h*z = -68*z + 174. Is z a composite number?
True
Let f(r) = -270*r**3 + 2*r + 1. Let h be 9/12 + (-2 - (-91)/(-4)). Let y = -25 - h. Is f(y) a composite number?
False
Suppose 701*h + 714*h - 1396*h = 3389714. Is h prime?
False
Let o(d) = -254*d**3 - 5*d**2 - d + 14. Let c be o(3). Let m = 16029 - c. Is m a prime number?
True
Let l be 1 - 13/(52/(-1189856)). Suppose 2*v = 17*v - l. Is v prime?
False
Let d be (-12)/30 + (-668)/(-20). Is (-8203)/(-3)*d/(8 - -3) a prime number?
False
Suppose 7*q + 106964148 = 121*q. Is q prime?
False
Suppose 0 = -6*b - 57 - 3. Let a(n) = 15*n**2 - 17*n - 33. Is a(b) a prime number?
True
Let q = -68 - -70. Suppose 3*b = -b + 12, 2*t + q*b - 10880 = 0. Is t a composite number?
False
Is -1 - (-42946)/(-654)*4164/(-2) prime?
False
Suppose -5*q + 2535745 = 3*k, -4*k + 14*q - 9*q + 3380970 = 0. Is k composite?
True
Is (-1 - 0)/((23/49097)/(-23)) prime?
False
Is (-1543)/(53/(-34) - (-297)/198) prime?
False
Let n be (-26)/(-13)*(-2)/4. Is 0 - -364 - (6 + n) a composi